{"id":14,"date":"2016-11-30T14:19:29","date_gmt":"2016-11-30T14:19:29","guid":{"rendered":"http:\/\/www.santaana.gob.ar\/blog\/?page_id=14"},"modified":"2016-11-30T14:19:51","modified_gmt":"2016-11-30T14:19:51","slug":"14-2","status":"publish","type":"page","link":"http:\/\/www.santaana.gob.ar\/home\/14-2\/","title":{"rendered":"Historia"},"content":{"rendered":"<p><strong>Origen y Fundaci\u00f3n<\/strong><\/p>\n<p><img decoding=\"async\" class=\"alignleft\" src=\"http:\/\/www.santaana.gob.ar\/histori.gif\" \/>En la rica historia de nuestra ciudad podr\u00edamos contar un sinfin de cosas que nos travesaron y nos conformaron a lo largo del tiempo. Sembrando nuestras ra\u00edces, tradici\u00f3n y nuestra cultura.<br \/>\nSanta Ana, comienza siendo una estancia ganadera de estado, fundada por Santiago Artigas, junto con otras, en el \u201cRinc\u00f3n del Mandisov\u00ed\u201d, por mandato del por entonces Gobernador de la Provincia de Entre R\u00edos, Don Justo Jos\u00e9 de Urquiza, en el a\u00f1o 1848.<br \/>\nUn plano topogr\u00e1fico que data del a\u00f1o 1867\/68, nos muestra a Santa Ana ubicada a la altura de la chacra N\u00ba 24, de la actual Colonia Belgrano. Luego las tierras son vendidas aparticulares, llegando a manos de Don Cupertino Ota\u00f1o, quien las fracciona dise\u00f1ando el casco urbano, de 55 manzanas atravesadas en su coraz\u00f3n por las v\u00edas del ferrocarril General Urquiza. Cuya estaci\u00f3n se construye con aportes de los vecinos en el a\u00f1o 1889.<br \/>\nEl pueblo llevo el nombre de \u201cPueblo Ota\u00f1o\u201d. Con una plaza c\u00e9ntrica frente a la capilla, y a su alrededor diagrama la zona de quintas chacras de hasta 25 Has, denominada Colonia Santa Ana. En 1901 se bendice y entroniza a su patrona Santa Ana, tomando as\u00ed el nombre definitivo el poblado.<br \/>\nPara el a\u00f1o de 1972 la importante poblaci\u00f3n existente de lugar a la creaci\u00f3n de la comisi\u00f3n vecinal rural, para finalmente crea la primera junta de gobierno en 1974.<br \/>\nPoco tiempo despu\u00e9s la poblaci\u00f3n de Santa Ana experimentar\u00eda uno de los cambios mas profundos en su historia. Para 1979 el Gobierno nacional emprende un ambicioso proyecto, \u201cLa Creaci\u00f3n de la represa Salto Grande\u201d, sobre el R\u00edo Uruguay. El resultado, una importante modificaci\u00f3n en nuestra localidad, por el ensanchamiento y el re encause del r\u00edo. Dejando profundas e imborrables huellas bajo el agua.<br \/>\nDicha construcci\u00f3n dio origen a la formaci\u00f3n de el lago artificial \u201cSalto Grande\u201d, y propino un rotundo cambio en la jurisdicci\u00f3n de Santa Ana, puesto que miles de hect\u00e1reas quedaron bajo el agua. Y con ello la imperiosa necesidad de comenzar a construir mayores alternativas de producci\u00f3n, basadas esencialmente en la citricultura.<br \/>\nFinalmente para 1984 se dicta la ley por el cual se declara a Santa Ana Municipio de II Categor\u00eda. Otorg\u00e1ndole autonom\u00eda administrativa y jur\u00eddica.<\/p>\n","protected":false},"excerpt":{"rendered":"<p>Origen y Fundaci\u00f3n En la rica historia de nuestra ciudad podr\u00edamos contar un sinfin de cosas que nos travesaron y nos conformaron a lo largo del tiempo. Sembrando nuestras ra\u00edces, tradici\u00f3n y nuestra cultura. Santa Ana, comienza siendo una estancia ganadera de estado, fundada por Santiago Artigas, junto con otras, en el \u201cRinc\u00f3n del Mandisov\u00ed\u201d,<a class=\"moretag\" href=\"http:\/\/www.santaana.gob.ar\/home\/14-2\/\"><span class=\"screen-reader-text\">Leer m\u00e1s sobre Historia<\/span>[&#8230;]<\/a><\/p>\n","protected":false},"author":1,"featured_media":0,"parent":0,"menu_order":4,"comment_status":"closed","ping_status":"closed","template":"","meta":{"footnotes":""},"class_list":["post-14","page","type-page","status-publish","hentry"],"_links":{"self":[{"href":"http:\/\/www.santaana.gob.ar\/home\/wp-json\/wp\/v2\/pages\/14","targetHints":{"allow":["GET"]}}],"collection":[{"href":"http:\/\/www.santaana.gob.ar\/home\/wp-json\/wp\/v2\/pages"}],"about":[{"href":"http:\/\/www.santaana.gob.ar\/home\/wp-json\/wp\/v2\/types\/page"}],"author":[{"embeddable":true,"href":"http:\/\/www.santaana.gob.ar\/home\/wp-json\/wp\/v2\/users\/1"}],"replies":[{"embeddable":true,"href":"http:\/\/www.santaana.gob.ar\/home\/wp-json\/wp\/v2\/comments?post=14"}],"version-history":[{"count":2,"href":"http:\/\/www.santaana.gob.ar\/home\/wp-json\/wp\/v2\/pages\/14\/revisions"}],"predecessor-version":[{"id":16,"href":"http:\/\/www.santaana.gob.ar\/home\/wp-json\/wp\/v2\/pages\/14\/revisions\/16"}],"wp:attachment":[{"href":"http:\/\/www.santaana.gob.ar\/home\/wp-json\/wp\/v2\/media?parent=14"}],"curies":[{"name":"wp","href":"https:\/\/api.w.org\/{rel}","templated":true}]}}